{"id":468,"date":"2020-04-14T07:20:28","date_gmt":"2020-04-14T07:20:28","guid":{"rendered":"http:\/\/test2.spvgg-reuth.de\/?page_id=468"},"modified":"2020-04-15T09:46:05","modified_gmt":"2020-04-15T09:46:05","slug":"chronik","status":"publish","type":"page","link":"https:\/\/spvgg-reuth.de\/?page_id=468","title":{"rendered":"Chronik"},"content":{"rendered":"<div class=\"style-503 style-local-468-c1 position-relative\" data-colibri-id=\"468-c1\">\n  <!---->\n  <div class=\"h-section h-section-global-spacing d-flex align-items-lg-center align-items-md-center align-items-center style-504 style-local-468-c2 position-relative\" id=\"custom\" data-colibri-component=\"section\" data-colibri-id=\"468-c2\">\n    <!---->\n    <!---->\n    <div class=\"h-section-grid-container h-section-boxed-container\">\n      <!---->\n      <div class=\"h-row-container gutters-row-lg-2 gutters-row-md-2 gutters-row-0 gutters-row-v-lg-2 gutters-row-v-md-2 gutters-row-v-2 style-505 style-local-468-c9 position-relative\" data-colibri-id=\"468-c9\">\n        <!---->\n        <div class=\"h-row justify-content-lg-center justify-content-md-center justify-content-center align-items-lg-stretch align-items-md-stretch align-items-stretch gutters-col-lg-2 gutters-col-md-2 gutters-col-0 gutters-col-v-lg-2 gutters-col-v-md-2 gutters-col-v-2\">\n          <!---->\n          <div class=\"h-column h-column-container d-flex h-col-lg-auto h-col-md-auto h-col-auto style-511-outer style-local-468-c10-outer\">\n            <div class=\"d-flex h-flex-basis h-column__inner h-px-lg-2 h-px-md-2 h-px-2 v-inner-lg-2 v-inner-md-2 v-inner-2 style-511 style-local-468-c10 position-relative\" data-colibri-id=\"468-c10\">\n              <!---->\n              <!---->\n              <div class=\"w-100 h-y-container h-column__content h-column__v-align flex-basis-100 align-self-lg-start align-self-md-start align-self-start\">\n                <!---->\n                <div class=\"h-global-transition-all h-heading style-513 style-local-468-c11 position-relative h-element\" data-colibri-id=\"468-c11\">\n                  <!---->\n                  <!---->\n                  <h3>Vereinchronik der Sport-Vereinigung Reuth e.V.<\/h3>\n                <\/div>\n              <\/div>\n            <\/div>\n          <\/div>\n          <div class=\"h-column h-column-container d-flex h-col-lg-auto h-col-md-auto h-col-auto style-522-outer style-local-468-c12-outer\">\n            <div class=\"d-flex h-flex-basis h-column__inner h-px-lg-2 h-px-md-2 h-px-2 v-inner-lg-2 v-inner-md-2 v-inner-2 style-522 style-local-468-c12 position-relative\" data-colibri-id=\"468-c12\">\n              <!---->\n              <!---->\n              <div class=\"w-100 h-y-container h-column__content h-column__v-align flex-basis-100 align-self-lg-start align-self-md-start align-self-start\">\n                <!---->\n                <div class=\"h-global-transition-all h-heading style-523 style-local-468-c13 position-relative h-element\" data-colibri-id=\"468-c13\">\n                  <!---->\n                  <!---->\n                  <h5>Auszug aus der Festschrift des 25 j\u00e4hrigen Gr\u00fcndungfestes<\/h5>\n                <\/div>\n              <\/div>\n            <\/div>\n          <\/div>\n          <div class=\"h-column h-column-container d-flex h-col-lg-auto h-col-md-auto h-col-auto style-507-outer style-local-468-c14-outer\">\n            <div class=\"d-flex h-flex-basis h-column__inner h-px-lg-2 h-px-md-2 h-px-2 v-inner-lg-2 v-inner-md-2 v-inner-2 style-507 style-local-468-c14 position-relative\" data-colibri-id=\"468-c14\">\n              <!---->\n              <!---->\n              <div class=\"w-100 h-y-container h-column__content h-column__v-align flex-basis-100 align-self-lg-start align-self-md-start align-self-start\">\n                <!---->\n                <div class=\"h-text h-text-component style-508 style-local-468-c15 position-relative h-element\" data-colibri-id=\"468-c15\">\n                  <!---->\n                  <!---->\n                  <div>\n                    <p>Am 24. Mai 1946 fanden sich in der Gastwirtschaft Fr\u00e4nkische Schweiz in Reuth 31 erwachsene und 18 jugendliche sportbegeisterte Reuther zusammen und gr\u00fcndeten die Sportvereinigung Reuth.<\/p>\n                    <p><span style=\"color: rgb(0, 0, 0); font-family: Trebuchet MS,Arial,Helvetica,Sans-Serif; font-size: 13px; font-weight: 400;\"> <\/span><\/p>\n                    <p>Gr\u00fcndungsmitglieder<\/p>\n                    <p>Die Hauptinitiatoren dieser Idee Johann Schmitt, Decker Phil und Georg Scheller wurden von der Versammlung als Vorst\u00e4nde gew\u00e4hlt. Die Jugendleitung erhielt Georg D\u00f6rfler.<\/p>\n                    <p><span style=\"color: rgb(0, 0, 0); font-family: Trebuchet MS,Arial,Helvetica,Sans-Serif; font-size: 13px; font-weight: 400;\"> <\/span><\/p>\n                    <p>Nur unter gro\u00dfen M\u00fchen und durch Zusammenhilfe aller Vereinskameraden wurde das von der Gemeinde zur Verf\u00fcgung gestellte Gel\u00e4nde an der gro\u00dfen Hutlinde notd\u00fcrftig zum Sportplatz hergerichtet.Der Spielbetrieb wurde dann im Herbst des\n                      gleichen Jahresin der Verbandsrunde aufgenommen. Bereits in der Runde 1947\/1948 konnte die 1. Mannschaft den Herbstmeistertitel erringen und die Runde Punktgleich mit Heiligenstadt abschlie\u00dfen und dadurchden Aufstieg in die n\u00e4chsth\u00f6here\n                      Spielklasse erreichen. Namen wie 1.FC Herzogenaurach, B\u00fcchenbach waren in dieser Klasse vertreten und die SpVgg Reuth konnte mit ihrer jungen unerfahrenen Mannschaft 2 Jahre mithalten.<\/p>\n                    <p><span style=\"color: rgb(0, 0, 0); font-family: Trebuchet MS,Arial,Helvetica,Sans-Serif; font-size: 13px; font-weight: 400;\"> <\/span><\/p>\n                    <p>Inzwischen hatte Georg Uttenreuther nach Georg Schmitt die Vereinsleitung \u00fcbernommen, die er dann \u00fcber 9 Jahre inne hatte. Noch ein Name begleitet die Vereinsmannschaft seit dem Gr\u00fcndungsjahr ununterbrochen bis heute: Spielleiter und\n                      Trainer Heiner Schwarzmann.<\/p>\n                    <p><span style=\"color: rgb(0, 0, 0); font-family: Trebuchet MS,Arial,Helvetica,Sans-Serif; font-size: 13px; font-weight: 400;\"> <\/span><\/p>\n                    <p>Nach einigen auf und ab konnte in einem Zuge der Aufstieg von der C-Klasse in die B-Klasse erreicht und die Meisterschaft in der B-Klasse errungen werden. Nur der Verlust des Entscheidungsspieles gegen ASV Herzogenaurach verhinderte\n                      den Aufstieg in die A-Klasse. 8 Jahre spielte dann der Verein in der B-Klasse, trotzdem inzwischen vier der besten Spieler abgewandert waren.<\/p>\n                    <p><span style=\"color: rgb(0, 0, 0); font-family: Trebuchet MS,Arial,Helvetica,Sans-Serif; font-size: 13px; font-weight: 400;\"> <\/span><\/p>\n                    <p>In diese Zeitspanne fiel das 10 j\u00e4hrige Stiftungsfest mit Fahnenweihe, abgehalten im Jahre 1956. Unsere Jubil\u00e4umsspielgegner, der 2. Amateurligist und Patenverein SpVgg Jahn Forchheim, wurde mit 4:3 bezwungen.<\/p>\n                    <p><span style=\"color: rgb(0, 0, 0); font-family: Trebuchet MS,Arial,Helvetica,Sans-Serif; font-size: 13px; font-weight: 400;\"> <\/span><\/p>\n                    <p>Ein weiterer H\u00f6hepunkt im Vereinsleben war die Freundschaftsbegegnung mit BSG Motor Zwickau in Reuth, die dann mit dem Treffen in Zwickau 1957 erwiedert wurde. Damals wurde eine bis heute andauernde Freunschaft \u00fcber den Eisernen Vorhang\n                      gegr\u00fcndet.<\/p>\n                    <p><span style=\"color: rgb(0, 0, 0); font-family: Trebuchet MS,Arial,Helvetica,Sans-Serif; font-size: 13px; font-weight: 400;\"> <\/span><\/p>\n                    <p>Nachdem 1959 der bittere Tropfen des Abstiegs in die C-Klasse geschluckt werden mu\u00dfte, konnte 1960 sofort der Wiederaufstieg geschafft werden.<\/p>\n                    <p><span style=\"color: rgb(0, 0, 0); font-family: Trebuchet MS,Arial,Helvetica,Sans-Serif; font-size: 13px; font-weight: 400;\"> <\/span><\/p>\n                    <p>Im gleichen Jahre gab es auch Vorstandswechsel. Alfred Stirnwei\u00df wurde f\u00fcr vier Jahre 1. Vorstand. Bis zu diesem Zeitpunkt war seit der Gr\u00fcndung unser damaliger Vereinswirt und heutiger Herr Landrat Otto Ammon Schriftf\u00fchrer des Vereins.<\/p>\n                    <p><span style=\"color: rgb(0, 0, 0); font-family: Trebuchet MS,Arial,Helvetica,Sans-Serif; font-size: 13px; font-weight: 400;\"> <\/span><\/p>\n                    <p>Weitere spielerische H\u00f6hepunkte waren in dieser Zeit die DFB Pokalspiele gegen die SpVgg Erlangen, wie die Freundschaftsbegegnung mit Schweinfurt 05.<\/p>\n                    <p><span style=\"color: rgb(0, 0, 0); font-family: Trebuchet MS,Arial,Helvetica,Sans-Serif; font-size: 13px; font-weight: 400;\"> <\/span><\/p>\n                    <p>Im Jahre 1964 wurde dann Georg D\u00f6rfler als 1. Vorstand mit der Vereinsf\u00fchrung betraut. Im gleichen Jahre wurde auch die von der Gemeinde erbaute heutige Sportplatzanlage dem Verein \u00fcbergeben und eingeweiht. An dieser Stelle sei auch\n                      derjederzeit den N\u00f6ten der SpVgg Reuth aufgeschlossenen Gemeindeverwaltung ein Dank ausgesprochen.<\/p>\n                    <p><span style=\"color: rgb(0, 0, 0); font-family: Trebuchet MS,Arial,Helvetica,Sans-Serif; font-size: 13px; font-weight: 400;\"> <\/span><\/p>\n                    <p>Die gute Jugendarbeit und Sch\u00fclerbetreuung, die im Verein seit der Gr\u00fcndung im besonderen Ma\u00dfe gepflegt wurde, trug ihre Fr\u00fcchte und begr\u00fcndete die Sportliche Bl\u00fctezeit des Vereins. So konnte als H\u00f6hepunkt im Spielgeschehen des Vereins\n                      \u00fcberhaupt, im Gutenberg-Pokal bei der Teilnahme von 62 Mannschaften durch Siege \u00fcber A-Klassenmannschaften bis ins Endspiel vorgedrungen werden, das dann ausgerechnet gegen unseren ewigen Nachbarrivalen Weilersbach mit 0:1 verloren\n                      wurde.<\/p>\n                    <p><span style=\"color: rgb(0, 0, 0); font-family: Trebuchet MS,Arial,Helvetica,Sans-Serif; font-size: 13px; font-weight: 400;\"> <\/span><\/p>\n                    <p>Geboren aus der Not der weiten Entfernung zwischen Vereinslokal und Sportplatz wuchs der Gedanke eines Sportheimbaues, der im Jahre1967 Wirklichkeit wurde. Unter Zusammenhilfe aller Mitglieder und G\u00f6nner wurden in 8343 Arbeitsstunden\n                      das sch\u00f6ne und weit und breit bekannte Sportheim erstellt.<\/p>\n                    <p><span style=\"color: rgb(0, 0, 0); font-family: Trebuchet MS,Arial,Helvetica,Sans-Serif; font-size: 13px; font-weight: 400;\"> <\/span><\/p>\n                    <p>Im Jahre 1968 konnte dann Vorstand D\u00f6rfler aus beruflichen Gr\u00fcnden das Amt des 1. Vorsitzenden nicht mehr \u00fcbernehmen, und so wurde wieder ein Vorstandswechsel notwendig. Mit \u00fcberzeugender Mehrheit wurde dann unser Sportfreund Konrad\n                      Heffler, der ja als aktiver Fu\u00dfballer fast zwei Jahrzehnte das Trikot der SpVgg Reuth getragen hatte, zum neuen 1. Vorsitzenden gew\u00e4hlt. In den drei Jahren seiner F\u00fchrungst\u00e4tigkeit verstand er es in vorz\u00fcglicher Weise den Kontakt\n                      mit den Spielern zu f\u00f6rdern und zu pflegen.<\/p>\n                    <p><span style=\"color: rgb(0, 0, 0); font-family: Trebuchet MS,Arial,Helvetica,Sans-Serif; font-size: 13px; font-weight: 400;\"> <\/span><\/p>\n                    <p>Am 2. Januar 1971 bei der Generalversammlung konnte auch Heffler wegen Arbeits\u00fcberlastung diesen Posten nicht mehr \u00fcbernehmen. Bei der anstehenden Wahl wurde dann unser 1. B\u00fcrgermeister Alfred Stirnwei\u00df mit der F\u00fchrung des Vereins\n                      bedacht.<\/p>\n                    <p>\n                      <br>\n                    <\/p>\n                  <\/div>\n                <\/div>\n              <\/div>\n            <\/div>\n          <\/div>\n          <div class=\"h-column h-column-container d-flex h-col-lg-auto h-col-md-auto h-col-auto style-509-outer style-local-468-c16-outer\">\n            <div class=\"d-flex h-flex-basis h-column__inner h-px-lg-2 h-px-md-2 h-px-2 v-inner-lg-2 v-inner-md-2 v-inner-2 style-509 style-local-468-c16 position-relative\" data-colibri-id=\"468-c16\">\n              <!---->\n              <!---->\n              <div class=\"w-100 h-y-container h-column__content h-column__v-align flex-basis-100 align-self-lg-start align-self-md-start align-self-start\">\n                <!---->\n                <div class=\"h-global-transition-all h-heading style-510 style-local-468-c17 position-relative h-element\" data-colibri-id=\"468-c17\">\n                  <!---->\n                  <!---->\n                  <h4>Weitere new`s werden folgen.<\/h4>\n                <\/div>\n              <\/div>\n            <\/div>\n          <\/div>\n        <\/div>\n      <\/div>\n    <\/div>\n  <\/div>\n<\/div>","protected":false},"excerpt":{"rendered":"<p>Vereinchronik der Sport-Vereinigung Reuth e.V. Auszug aus der Festschrift des 25 j\u00e4hrigen Gr\u00fcndungfestes Am 24. Mai 1946 fanden sich in der Gastwirtschaft Fr\u00e4nkische Schweiz in Reuth 31 erwachsene und 18 [&hellip;]<\/p>\n","protected":false},"author":1,"featured_media":0,"parent":0,"menu_order":0,"comment_status":"closed","ping_status":"closed","template":"page-templates\/full-width-page.php","meta":{"_monsterinsights_skip_tracking":false,"_monsterinsights_sitenote_active":false,"_monsterinsights_sitenote_note":"","_monsterinsights_sitenote_category":0,"footnotes":""},"class_list":["post-468","page","type-page","status-publish","hentry"],"aioseo_notices":[],"_links":{"self":[{"href":"https:\/\/spvgg-reuth.de\/index.php?rest_route=\/wp\/v2\/pages\/468","targetHints":{"allow":["GET"]}}],"collection":[{"href":"https:\/\/spvgg-reuth.de\/index.php?rest_route=\/wp\/v2\/pages"}],"about":[{"href":"https:\/\/spvgg-reuth.de\/index.php?rest_route=\/wp\/v2\/types\/page"}],"author":[{"embeddable":true,"href":"https:\/\/spvgg-reuth.de\/index.php?rest_route=\/wp\/v2\/users\/1"}],"replies":[{"embeddable":true,"href":"https:\/\/spvgg-reuth.de\/index.php?rest_route=%2Fwp%2Fv2%2Fcomments&post=468"}],"version-history":[{"count":7,"href":"https:\/\/spvgg-reuth.de\/index.php?rest_route=\/wp\/v2\/pages\/468\/revisions"}],"predecessor-version":[{"id":768,"href":"https:\/\/spvgg-reuth.de\/index.php?rest_route=\/wp\/v2\/pages\/468\/revisions\/768"}],"wp:attachment":[{"href":"https:\/\/spvgg-reuth.de\/index.php?rest_route=%2Fwp%2Fv2%2Fmedia&parent=468"}],"curies":[{"name":"wp","href":"https:\/\/api.w.org\/{rel}","templated":true}]}}

<div class="style-503 style-local-468-c1 position-relative" data-colibri-id="468-c1">
  <!---->
  <div class="h-section h-section-global-spacing d-flex align-items-lg-center align-items-md-center align-items-center style-504 style-local-468-c2 position-relative" id="custom" data-colibri-component="section" data-colibri-id="468-c2">
    <!---->
    <!---->
    <div class="h-section-grid-container h-section-boxed-container">
      <!---->
      <div class="h-row-container gutters-row-lg-2 gutters-row-md-2 gutters-row-0 gutters-row-v-lg-2 gutters-row-v-md-2 gutters-row-v-2 style-505 style-local-468-c9 position-relative" data-colibri-id="468-c9">
        <!---->
        <div class="h-row justify-content-lg-center justify-content-md-center justify-content-center align-items-lg-stretch align-items-md-stretch align-items-stretch gutters-col-lg-2 gutters-col-md-2 gutters-col-0 gutters-col-v-lg-2 gutters-col-v-md-2 gutters-col-v-2">
          <!---->
          <div class="h-column h-column-container d-flex h-col-lg-auto h-col-md-auto h-col-auto style-511-outer style-local-468-c10-outer">
            <div class="d-flex h-flex-basis h-column__inner h-px-lg-2 h-px-md-2 h-px-2 v-inner-lg-2 v-inner-md-2 v-inner-2 style-511 style-local-468-c10 position-relative" data-colibri-id="468-c10">
              <!---->
              <!---->
              <div class="w-100 h-y-container h-column__content h-column__v-align flex-basis-100 align-self-lg-start align-self-md-start align-self-start">
                <!---->
                <div class="h-global-transition-all h-heading style-513 style-local-468-c11 position-relative h-element" data-colibri-id="468-c11">
                  <!---->
                  <!---->
                  <h3>Vereinchronik der Sport-Vereinigung Reuth e.V.</h3>
                </div>
              </div>
            </div>
          </div>
          <div class="h-column h-column-container d-flex h-col-lg-auto h-col-md-auto h-col-auto style-522-outer style-local-468-c12-outer">
            <div class="d-flex h-flex-basis h-column__inner h-px-lg-2 h-px-md-2 h-px-2 v-inner-lg-2 v-inner-md-2 v-inner-2 style-522 style-local-468-c12 position-relative" data-colibri-id="468-c12">
              <!---->
              <!---->
              <div class="w-100 h-y-container h-column__content h-column__v-align flex-basis-100 align-self-lg-start align-self-md-start align-self-start">
                <!---->
                <div class="h-global-transition-all h-heading style-523 style-local-468-c13 position-relative h-element" data-colibri-id="468-c13">
                  <!---->
                  <!---->
                  <h5>Auszug aus der Festschrift des 25 jährigen Gründungfestes</h5>
                </div>
              </div>
            </div>
          </div>
          <div class="h-column h-column-container d-flex h-col-lg-auto h-col-md-auto h-col-auto style-507-outer style-local-468-c14-outer">
            <div class="d-flex h-flex-basis h-column__inner h-px-lg-2 h-px-md-2 h-px-2 v-inner-lg-2 v-inner-md-2 v-inner-2 style-507 style-local-468-c14 position-relative" data-colibri-id="468-c14">
              <!---->
              <!---->
              <div class="w-100 h-y-container h-column__content h-column__v-align flex-basis-100 align-self-lg-start align-self-md-start align-self-start">
                <!---->
                <div class="h-text h-text-component style-508 style-local-468-c15 position-relative h-element" data-colibri-id="468-c15">
                  <!---->
                  <!---->
                  <div>
                    <p>Am 24. Mai 1946 fanden sich in der Gastwirtschaft Fränkische Schweiz in Reuth 31 erwachsene und 18 jugendliche sportbegeisterte Reuther zusammen und gründeten die Sportvereinigung Reuth.</p>
                    <p><span style="color: rgb(0, 0, 0); font-family: Trebuchet MS,Arial,Helvetica,Sans-Serif; font-size: 13px; font-weight: 400;"> </span></p>
                    <p>Gründungsmitglieder</p>
                    <p>Die Hauptinitiatoren dieser Idee Johann Schmitt, Decker Phil und Georg Scheller wurden von der Versammlung als Vorstände gewählt. Die Jugendleitung erhielt Georg Dörfler.</p>
                    <p><span style="color: rgb(0, 0, 0); font-family: Trebuchet MS,Arial,Helvetica,Sans-Serif; font-size: 13px; font-weight: 400;"> </span></p>
                    <p>Nur unter großen Mühen und durch Zusammenhilfe aller Vereinskameraden wurde das von der Gemeinde zur Verfügung gestellte Gelände an der großen Hutlinde notdürftig zum Sportplatz hergerichtet.Der Spielbetrieb wurde dann im Herbst des
                      gleichen Jahresin der Verbandsrunde aufgenommen. Bereits in der Runde 1947/1948 konnte die 1. Mannschaft den Herbstmeistertitel erringen und die Runde Punktgleich mit Heiligenstadt abschließen und dadurchden Aufstieg in die nächsthöhere
                      Spielklasse erreichen. Namen wie 1.FC Herzogenaurach, Büchenbach waren in dieser Klasse vertreten und die SpVgg Reuth konnte mit ihrer jungen unerfahrenen Mannschaft 2 Jahre mithalten.</p>
                    <p><span style="color: rgb(0, 0, 0); font-family: Trebuchet MS,Arial,Helvetica,Sans-Serif; font-size: 13px; font-weight: 400;"> </span></p>
                    <p>Inzwischen hatte Georg Uttenreuther nach Georg Schmitt die Vereinsleitung übernommen, die er dann über 9 Jahre inne hatte. Noch ein Name begleitet die Vereinsmannschaft seit dem Gründungsjahr ununterbrochen bis heute: Spielleiter und
                      Trainer Heiner Schwarzmann.</p>
                    <p><span style="color: rgb(0, 0, 0); font-family: Trebuchet MS,Arial,Helvetica,Sans-Serif; font-size: 13px; font-weight: 400;"> </span></p>
                    <p>Nach einigen auf und ab konnte in einem Zuge der Aufstieg von der C-Klasse in die B-Klasse erreicht und die Meisterschaft in der B-Klasse errungen werden. Nur der Verlust des Entscheidungsspieles gegen ASV Herzogenaurach verhinderte
                      den Aufstieg in die A-Klasse. 8 Jahre spielte dann der Verein in der B-Klasse, trotzdem inzwischen vier der besten Spieler abgewandert waren.</p>
                    <p><span style="color: rgb(0, 0, 0); font-family: Trebuchet MS,Arial,Helvetica,Sans-Serif; font-size: 13px; font-weight: 400;"> </span></p>
                    <p>In diese Zeitspanne fiel das 10 jährige Stiftungsfest mit Fahnenweihe, abgehalten im Jahre 1956. Unsere Jubiläumsspielgegner, der 2. Amateurligist und Patenverein SpVgg Jahn Forchheim, wurde mit 4:3 bezwungen.</p>
                    <p><span style="color: rgb(0, 0, 0); font-family: Trebuchet MS,Arial,Helvetica,Sans-Serif; font-size: 13px; font-weight: 400;"> </span></p>
                    <p>Ein weiterer Höhepunkt im Vereinsleben war die Freundschaftsbegegnung mit BSG Motor Zwickau in Reuth, die dann mit dem Treffen in Zwickau 1957 erwiedert wurde. Damals wurde eine bis heute andauernde Freunschaft über den Eisernen Vorhang
                      gegründet.</p>
                    <p><span style="color: rgb(0, 0, 0); font-family: Trebuchet MS,Arial,Helvetica,Sans-Serif; font-size: 13px; font-weight: 400;"> </span></p>
                    <p>Nachdem 1959 der bittere Tropfen des Abstiegs in die C-Klasse geschluckt werden mußte, konnte 1960 sofort der Wiederaufstieg geschafft werden.</p>
                    <p><span style="color: rgb(0, 0, 0); font-family: Trebuchet MS,Arial,Helvetica,Sans-Serif; font-size: 13px; font-weight: 400;"> </span></p>
                    <p>Im gleichen Jahre gab es auch Vorstandswechsel. Alfred Stirnweiß wurde für vier Jahre 1. Vorstand. Bis zu diesem Zeitpunkt war seit der Gründung unser damaliger Vereinswirt und heutiger Herr Landrat Otto Ammon Schriftführer des Vereins.</p>
                    <p><span style="color: rgb(0, 0, 0); font-family: Trebuchet MS,Arial,Helvetica,Sans-Serif; font-size: 13px; font-weight: 400;"> </span></p>
                    <p>Weitere spielerische Höhepunkte waren in dieser Zeit die DFB Pokalspiele gegen die SpVgg Erlangen, wie die Freundschaftsbegegnung mit Schweinfurt 05.</p>
                    <p><span style="color: rgb(0, 0, 0); font-family: Trebuchet MS,Arial,Helvetica,Sans-Serif; font-size: 13px; font-weight: 400;"> </span></p>
                    <p>Im Jahre 1964 wurde dann Georg Dörfler als 1. Vorstand mit der Vereinsführung betraut. Im gleichen Jahre wurde auch die von der Gemeinde erbaute heutige Sportplatzanlage dem Verein übergeben und eingeweiht. An dieser Stelle sei auch
                      derjederzeit den Nöten der SpVgg Reuth aufgeschlossenen Gemeindeverwaltung ein Dank ausgesprochen.</p>
                    <p><span style="color: rgb(0, 0, 0); font-family: Trebuchet MS,Arial,Helvetica,Sans-Serif; font-size: 13px; font-weight: 400;"> </span></p>
                    <p>Die gute Jugendarbeit und Schülerbetreuung, die im Verein seit der Gründung im besonderen Maße gepflegt wurde, trug ihre Früchte und begründete die Sportliche Blütezeit des Vereins. So konnte als Höhepunkt im Spielgeschehen des Vereins
                      überhaupt, im Gutenberg-Pokal bei der Teilnahme von 62 Mannschaften durch Siege über A-Klassenmannschaften bis ins Endspiel vorgedrungen werden, das dann ausgerechnet gegen unseren ewigen Nachbarrivalen Weilersbach mit 0:1 verloren
                      wurde.</p>
                    <p><span style="color: rgb(0, 0, 0); font-family: Trebuchet MS,Arial,Helvetica,Sans-Serif; font-size: 13px; font-weight: 400;"> </span></p>
                    <p>Geboren aus der Not der weiten Entfernung zwischen Vereinslokal und Sportplatz wuchs der Gedanke eines Sportheimbaues, der im Jahre1967 Wirklichkeit wurde. Unter Zusammenhilfe aller Mitglieder und Gönner wurden in 8343 Arbeitsstunden
                      das schöne und weit und breit bekannte Sportheim erstellt.</p>
                    <p><span style="color: rgb(0, 0, 0); font-family: Trebuchet MS,Arial,Helvetica,Sans-Serif; font-size: 13px; font-weight: 400;"> </span></p>
                    <p>Im Jahre 1968 konnte dann Vorstand Dörfler aus beruflichen Gründen das Amt des 1. Vorsitzenden nicht mehr übernehmen, und so wurde wieder ein Vorstandswechsel notwendig. Mit überzeugender Mehrheit wurde dann unser Sportfreund Konrad
                      Heffler, der ja als aktiver Fußballer fast zwei Jahrzehnte das Trikot der SpVgg Reuth getragen hatte, zum neuen 1. Vorsitzenden gewählt. In den drei Jahren seiner Führungstätigkeit verstand er es in vorzüglicher Weise den Kontakt
                      mit den Spielern zu fördern und zu pflegen.</p>
                    <p><span style="color: rgb(0, 0, 0); font-family: Trebuchet MS,Arial,Helvetica,Sans-Serif; font-size: 13px; font-weight: 400;"> </span></p>
                    <p>Am 2. Januar 1971 bei der Generalversammlung konnte auch Heffler wegen Arbeitsüberlastung diesen Posten nicht mehr übernehmen. Bei der anstehenden Wahl wurde dann unser 1. Bürgermeister Alfred Stirnweiß mit der Führung des Vereins
                      bedacht.</p>
                    <p>
                      <br>
                    </p>
                  </div>
                </div>
              </div>
            </div>
          </div>
          <div class="h-column h-column-container d-flex h-col-lg-auto h-col-md-auto h-col-auto style-509-outer style-local-468-c16-outer">
            <div class="d-flex h-flex-basis h-column__inner h-px-lg-2 h-px-md-2 h-px-2 v-inner-lg-2 v-inner-md-2 v-inner-2 style-509 style-local-468-c16 position-relative" data-colibri-id="468-c16">
              <!---->
              <!---->
              <div class="w-100 h-y-container h-column__content h-column__v-align flex-basis-100 align-self-lg-start align-self-md-start align-self-start">
                <!---->
                <div class="h-global-transition-all h-heading style-510 style-local-468-c17 position-relative h-element" data-colibri-id="468-c17">
                  <!---->
                  <!---->
                  <h4>Weitere new`s werden folgen.</h4>
                </div>
              </div>
            </div>
          </div>
        </div>
      </div>
    </div>
  </div>
</div>

<p>Vereinchronik der Sport-Vereinigung Reuth e.V. Auszug aus der Festschrift des 25 jährigen Gründungfestes Am 24. Mai 1946 fanden sich in der Gastwirtschaft Fränkische Schweiz in Reuth 31 erwachsene und 18 [&hellip;]</p>
